*2. Calculate d(0).
-2
Let h(m) = -1506*m + 1820. Let s(x) = -289*x + 364. Let f(k) = 4*h(k) - 21*s(k). Determine f(8).
-4
Let l(s) = -s**3 + 16*s**2 - s + 19. Suppose 0 = -u + 5*k + 31 - 0, -4*u + 52 = 4*k. Let b be l(u). Let w(y) = -2 + b*y - 4*y - 9. Give w(-5).
-6
Let o(j) = j**3 - 5*j**2 - 12*j - 12. Let z(n) = -n**3 + 2*n**2 - 43*n + 145. Let s be z(3). What is o(s)?
2
Let w(h) = -5*h**3 + 2*h**2 - 1. Let i be 90/2*(-18)/(-54). Suppose -9*g = -5*g - 3*v + 11, 2*v = -5*g + i. Give w(g).
-4
Suppose -3*c + 3517*f = 3520*f - 15, -3*f = 2*c - 10. Let s(i) = 43*i - 220. Give s(c).
-5
Let w(l) = 11*l**2 - 13*l - 154. Let b(s) = -8*s**2 + 11*s + 128. Let f(y) = -3*b(y) - 2*w(y). What is f(-5)?
9
Let s(l) be the third derivative of -l**5/60 - 13*l**4/24 + 5*l**3/3 + 5*l**2 + 4*l. Calculate s(-13).
10
Let u be (-28)/(-6) - (-4)/3. Let m(g) be the second derivative of g**4/12 - 4*g**3/3 + 9*g**2/2 + 2*g - 278. Determine m(u).
-3
Let f(k) = 34*k + 5. Let z(r) = -16*r - 2. Let b(x) = -3*f(x) - 7*z(x). Let i be (-2 + 1)/(-1) - 5. Let o be 12/3 + -2 + i. Give b(o).
-21
Let q(d) be the second derivative of 1 + 5*d + 2/3*d**3 + 7/12*d**4 + 3/2*d**2. Suppose 5*y + 2 = 4*y. Calculate q(y).
23
Let k(t) be the first derivative of 10*t - 1/2*t**2 - 64. Give k(6).
4
Let p(y) = y + 442*y**2 - 1 - 106*y**2 - 318*y**2. Suppose 12 = -2*q - 4*u, u + 10 + 2 = -5*q. Let f(r) = r**3 + 3*r**2 + 3*r + 3. Let i be f(q). Give p(i).
18
Let v(j) = 5*j**3 + 36*j**2 + 15*j + 187. Let r(g) = -3*g**3 - 19*g**2 - 7*g - 106. Let o(y) = 7*r(y) + 4*v(y). Let c = -26 + 38. Determine o(c).
-6
Let l(z) = -z + 6. Let x be l(-7). Suppose -2*n + x = 1. Let f(p) = -2*p**3 - 162*p + 81*p + 75*p + 3*p**3 - 5*p**2 - 5. Calculate f(n).
-5
Suppose -15 = c - 64. Let t = c - 45. Let p(n) = -n + 1 - t*n - n**2 - 4 - 1. Determine p(-3).
2
Let t(r) = -82*r + 4. Suppose -2*z - 2*g = -10, 4*z = 4*g + 35 - 47. Calculate t(z).
-78
Let x(v) be the second derivative of -v**4/24 - 17*v**3/6 - 76*v**2 + 3*v. Let l(h) be the first derivative of x(h). Calculate l(-11).
-6
Let a(h) = -41*h**3 + 13*h**2 - 35*h + 83. Let n(v) = 19*v**3 - 7*v**2 + 18*v - 40. Let x(j) = 6*a(j) + 13*n(j). Determine x(11).
0
Let r(u) = u**3 - 14*u**2 - 23*u**2 + 3*u - 21 + 45*u**2 - 17*u**2. Give r(9).
6
Let x(v) = 3*v + 1. Suppose 5*l = -37 + 107. Suppose -4 = l*q + 10. What is x(q)?
-2
Let h(r) = -93 - 4*r**2 + 8*r + 88 + 4*r**2 + 0*r - r**2. Let x = -170 + 176. Determine h(x).
7
Let p(v) = -4 + 34*v - 15*v - 17*v + v**2. Let k be (14 - 10) + ((-35)/5 - -6). Give p(k).
11
Let r(w) be the first derivative of -w**5/60 - w**4/24 - 14*w**3/3 + 8. Let n(t) be the third derivative of r(t). Let a = -6 + 11. What is n(a)?
-11
Suppose 165289*c - 165308*c = -380. Let j(z) = -2*z**2 + 39*z + 17. Calculate j(c).
-3
Let j(g) = 4*g - 73. Let y(h) = -10*h - 754. Let x be y(-77). Calculate j(x).
-9
Let m(s) = -s**3 + 31*s**2 - 127*s - 63. Let o be m(26). Let v(t) = t**2 - 20*t + 62. What is v(o)?
-13
Let v(m) = -m**2 + 6*m - 2. Let o(b) = -2*b**2 + 10*b - 9. Let t be o(3). Suppose 6 = 3*k + 4*r, r = -2*k + t + 1. Suppose k*f = -f + 15. Give v(f).
3
Let v(g) = -5*g**2 + 9 + 2*g**3 - 3*g**3 + 7*g + 0*g. Let r(z) = 8*z + 130. Suppose 2*i + 18*i + 340 = 0. Let j be r(i). Give v(j).
3
Let w(h) = -3*h**3 + 5*h**2 - 3*h + 8. Let m(t) be the first derivative of 9*t + 4/3*t**3 - 1/2*t**4 - 22 - t**2. Let o(q) = 4*m(q) - 3*w(q). Determine o(0).
12
Let h(c) be the first derivative of -9*c - 1/3*c**3 + 9/2*c**2 - 18. Calculate h(9).
-9
Let g = 1932 - 1372. Let d(x) = x - 3*x + 3*x + 563 - 6*x - g. Calculate d(7).
-32
Let h = 4 + -1. Let q = h + -1. Let a(u) = -292 + 8 + 281 + 3*u. Calculate a(q).
3
Suppose -b + 20 = 12. Let z(x) = 5*x - 302. Let q(s) = -29*s + 1710. Let m(r) = -6*q(r) - 34*z(r). Calculate m(b).
40
Let t(f) = 13*f**2 + 125*f + 147. Let i(h) = -3*h**2 - 31*h - 36. Let q(j) = -9*i(j) - 2*t(j). What is q(-28)?
2
Let c(u) = -u**2 + 7*u + 17. Let d(t) = -t**2 - 2*t + 30. Let o be d(5). What is c(o)?
-43
Let a(s) = -s**2 - 5*s - 1. Let y be a(-4). Suppose 2*u - 4 = y*u. Let x(w) = 0*w**2 + 567*w - 569*w - 1 + 4*w**2 + w**3. Give x(u).
7
Let c(r) = -r**2 - 7*r - 1. Suppose 2891 = 13*z + 36*z. Suppose -z*g + 102 = -76*g. What is c(g)?
5
Let o(u) = 46*u - 1110. Let p be o(24). Let a(x) = 2*x**2 - 3*x - 1. Let m(s) = s**2 + s + 1. Let t(k) = -a(k) + 3*m(k). Give t(p).
4
Let o(t) = 136*t**3 + 4*t**2 + t - 2. Let b be o(-1). Let q be 20/(-16) - 1*b/12. Let h(f) = f**3 - 11*f**2 + 8*f + 4. Give h(q).
-16
Let q = -12512 + 12513. Let r(u) be the third derivative of 0*u**3 - 3/20*u**5 + 0*u - 1/120*u**6 + q + 3*u**2 - 1/3*u**4. Determine r(-8).
0
Let x(y) be the first derivative of y**2 - 5*y - 1/4*y**4 + 35 + 4/3*y**3. What is x(4)?
3
Suppose o - 7 = 4. Let r(g) be the first derivative of -g**2/2 + 14*g - 996. Calculate r(o).
3
Let l(o) = -41*o + 29. Let g(w) = -27*w + 18. Let z(p) = -8*g(p) + 5*l(p). Let t be (2 - 2)/2 - 2. What is z(t)?
-21
Let w(g) be the third derivative of g**4/24 + g**3/6 + 70*g**2. Let n be w(-8). Let l(q) = q**3 + 7*q**2 - 3*q - 8. Determine l(n).
13
Suppose -5*t = 3*z - 0 - 24, 0 = z - 2*t - 8. Let l = 435 - 389. Let v(u) = -2*u**2 + l + 0*u**2 - 7*u + 3*u**2 - 50. Give v(z).
4
Let w be 3/9 - -2*32/6. Suppose 19 = 2*z + w. Let d(v) = -3*v - 10. Let h(k) = 2*k + 7. Let c(x) = -5*d(x) - 7*h(x). What is c(z)?
5
Let n(v) = -v**3 + v**2 + v + 1. Let y be n(-1). Let r be ((-64)/480)/((-2)/(-5))*0/(-1). Suppose -y*c + r*c = -2. Let w(j) = j**2 + 2*j - 1. Give w(c).
2
Let d(p) = -2*p**3 + 6*p**2 + p - 6. Let q(t) = 3*t**2 + 95*t - 808. Let u be q(7). What is d(u)?
-34
Let q(p) be the first derivative of -5*p**3/3 + 21*p**2/2 + 2*p - 3042. Determine q(3).
20
Let v = -5227 - -15683/3. Let s(m) be the third derivative of -v*m**3 - 1/4*m**4 - 5*m**2 - 1/60*m**5 + 0*m + 0. Determine s(-4).
4
Let l(i) = i**2 - 22*i + 13. Let x = 28049 + -28035. Calculate l(x).
-99
Let n(c) = -1. Let k(x) = 2*x**2 - 2*x - 1. Let r(a) = -k(a) + 2*n(a). Suppose 8*l = -12*l + 19*l + 9, -2*d - l + 11 = 0. What is r(d)?
-1
Let o(q) = q**3 - 5*q**2 - q + 4. Suppose 4*z = 2*z + 50. Let k = z - 0. Let l be k*(-2 - (-22)/10). What is o(l)?
-1
Let c(d) = d**2 - 2*d. Suppose -4*p + 13 + 3 = -3*v, 4*v = 0. Suppose -p*k + 8 = -4*w, -k + 4*w - 3 + 2 = 0. What is c(k)?
3
Suppose 2*m - 39 = 3*w + 10, 2*m - 2*w = 50. Let s(q) = 5 + m + 3 - 3*q. Calculate s(10).
4
Let w(p) = -p**2 + 16*p + 24. Let u(o) = -5*o - 2. Let g(m) = -5*u(m) - w(m). Give g(-6).
-32
Let y be 9*(-10)/15 + (1922/240 - 2). Let o(b) be the third derivative of -5/6*b**3 + 0 - y*b**6 + 10*b**2 - 1/12*b**5 + 0*b - 1/12*b**4. Give o(-4).
-13
Let g be (70/(-45))/(-7) - 83/9. Let k(a) = -5*a**3 + 5*a**2 + 3*a - 5. Let t(v) = -11*v**3 + 12*v**2 + 7*v - 10. Let d(b) = g*k(b) + 4*t(b). What is d(-4)?
-15
Let a(z) be the second derivative of 0 + 11/3*z**3 - 17/24*z**4 + 0*z**2 - 22*z + 1/120*z**5. Let t(n) be the second derivative of a(n). Determine t(10).
-7
Let g(v) = v - 10. Let w be ((-139)/(-2))/((-32)/(-64)). Suppose -145*m = -w*m - 42. What is g(m)?
-3
Let o(y) = 2*y**2 + 17*y + 4. Suppose 19 - 27 = 4*w - 4*k, -2*k = -5*w - 25. Let v be w/7 + 35/(-5). Give o(v).
-4
Suppose -4*t + 20 = 0, -6*n = -4*n - 5*t + 21. Let k(v) = -n*v + 10 + 3*v + 0*v. Let l(x) = 2*x + 1. Let s be l(-4). Calculate k(s).
3
Let v = 70 + -68. Let h(r) be the first derivative of -15*r**2 + 39 + 22*r**2 - 14*r**v. Give h(2).
-28
Let u be 3/5 - (85/(-25) + 3). Let f(a) be the third derivative of -3*a**4/2 - a**3/6 - 23*a**2. Give f(u).
-37
Suppose 22*v - 25 = 17*v. Let t(l) = v*l - l + 1413*l**2 + 1 - 1419*l**2 + l**3. Calculate t(6).
25
Suppose -r + 1 = -3*d, 4*r - d + 23 = -r. Let c(t) be the second derivative of -3*t + 3*t**2 - 13 + 1/12*t**4 + t**3. What is c(r)?
1
Let z(m) = 18640*m**2 - 37272*m**2 + 8 + 18633*m**2 + m. Determine z(-7).
50
Let g(x) be the third derivative of -x**5/60 + x**4/24 + 3*x**3/2 - 4*x**2 - 226*x. Give g(5).
-11
Let y(a) = -2*a**2 - a + 403. Let j be ((-40)/16)/(15/(-84)). What is y(j)?
-3
Let m(v) = -v**2 + 9*v - 3. Suppose -28 = -3*r - 5*u + 70, -2*u = 4. Suppose -8*w = -12*w + r. What is m(w)?
-3
Suppose -5*z - 27 + 7 = -2*u, -u - 3*z - 12 = 0. Let d(w) = -w. Let j(o) = -2*o - 1. Let v(f) = -9*d(f) + 4*j(f